-1 - -201543?
201542
In base 11, what is -15 + -1183?
-1198
In base 5, what is -2320134 - -212?
-2314422
In base 11, what is 26 - 36940?
-36915
In base 6, what is 122 + 415?
541
In base 2, what is 1 + 1001001000011001?
1001001000011010
In base 3, what is -11101001 + -122?
-11101200
In base 2, what is -101001000100 + 1?
-101001000011
In base 12, what is -1 - -1396a0?
13969b
In base 7, what is -2 - 1000?
-1002
In base 13, what is 33 - 1252?
-121c
In base 9, what is 24 + 10521?
10545
In base 8, what is 6146 - -12?
6160
In base 16, what is -33 - -18df?
18ac
In base 10, what is 0 - 36426?
-36426
In base 6, what is 5012 - 221?
4351
In base 13, what is 1 - 4521?
-4520
In base 16, what is 1b - 4316?
-42fb
In base 6, what is -22530 + -2?
-22532
In base 5, what is -21243 + 1024?
-20214
In base 10, what is 1 - -1066?
1067
In base 12, what is 18 - 6872a?
-68712
In base 3, what is 12020 - -2210?
22000
In base 7, what is -230315 - -5?
-230310
In base 3, what is -21120212210212 - -2?
-21120212210210
In base 7, what is 5530 + -43?
5454
In base 16, what is -4728 + -df?
-4807
In base 14, what is -6 - 143d0?
-143d6
In base 9, what is 100314 + -52?
100252
In base 6, what is 123 + -45222?
-45055
In base 2, what is -10110000011110100 + -1?
-10110000011110101
In base 4, what is -2110020 + 101?
-2103313
In base 11, what is -33 - 39a3?
-3a26
In base 4, what is -10 - -3003300101?
3003300031
In base 4, what is 2 - -233000232?
233000300
In base 2, what is 1100101000101110 - -11?
1100101000110001
In base 4, what is 0 - -1133133?
1133133
In base 3, what is 12111220 + 10222?
12122212
In base 7, what is -246501 - -12?
-246456
In base 8, what is 0 - -67666?
67666
In base 16, what is -17 - -17b87?
17b70
In base 7, what is 11464 - 5?
11456
In base 2, what is 1101111011011101001 - -1?
1101111011011101010
In base 2, what is 10110100000 - -1101?
10110101101
In base 5, what is 1243310322 - 2?
1243310320
In base 3, what is 12 + -100111?
-100022
In base 12, what is 27 - 971?
-946
In base 7, what is 5 - 226416?
-226411
In base 3, what is 10002121 - 22001?
2210120
In base 2, what is -11000000 + -110000111?
-1001000111
In base 13, what is -485 + 250?
-235
In base 5, what is 1143 + -410?
233
In base 16, what is 4a9 + -c?
49d
In base 8, what is -5 + -47104?
-47111
In base 6, what is -143 - -533?
350
In base 11, what is -877 + 283?
-5a4
In base 5, what is -2 - 4430?
-4432
In base 7, what is 4 + 232064?
232101
In base 14, what is -1006 - 1?
-1007
In base 10, what is -2 - -368831?
368829
In base 3, what is -12100 + 2211211?
2122111
In base 12, what is 59598 - 5?
59593
In base 13, what is 69834 + 6?
6983a
In base 5, what is -144224443 - 10?
-144230003
In base 5, what is 1 + -4201120?
-4201114
In base 15, what is 10 + 1648b?
1649b
In base 10, what is 702 - 15?
687
In base 12, what is -2b - 15324?
-15353
In base 14, what is 3 + 3181?
3184
In base 11, what is 22 + -a936?
-a914
In base 11, what is 811 + -124?
698
In base 7, what is 0 - 1015352?
-1015352
In base 15, what is -4 - 4bdc?
-4be1
In base 3, what is 10222210 - 1000?
10221210
In base 8, what is 7 - -4444?
4453
In base 2, what is 101011101011000101 - -1000?
101011101011001101
In base 10, what is -7 + -21970?
-21977
In base 13, what is 6a69 + 0?
6a69
In base 5, what is 20311 - 124?
20132
In base 15, what is -cbd - -b?
-cb2
In base 11, what is -50 + 364?
314
In base 15, what is -a541 + -1?
-a542
In base 13, what is 2 + 19c75?
19c77
In base 3, what is 120212 - 100000111?
-22102122
In base 8, what is -12 + -1442562?
-1442574
In base 2, what is 1000000100110 + -110?
1000000100000
In base 16, what is -c3 + 173d?
167a
In base 14, what is -4175 + 7?
-416c
In base 12, what is -30 + -221b?
-224b
In base 10, what is -549 - -72?
-477
In base 5, what is -32 - -1000?
413
In base 16, what is -440 + -17?
-457
In base 11, what is -2473 - 246?
-2709
In base 7, what is 335 + 262?
630
In base 15, what is 20 - -1574?
1594
In base 13, what is -15 + 3117?
3102
In base 8, what is -36 - 35562?
-35620
In base 7, what is 36 + 31560?
31626
In base 6, what is -12231 - 1344?
-14015
In base 6, what is 4 - 2501212?
-2501204
In base 14, what is 4875 - -9?
4880
In base 15, what is -342b - -4?
-3427
In base 5, what is -133 + 3042241?
3042103
In base 5, what is 0 - -110220?
110220
In base 6, what is -5255 - -134?
-5121
In base 12, what is -6b - 119b3?
-11a62
In base 14, what is 12ada - 3?
12ad7
In base 12, what is -3a7b0 + 1?
-3a7ab
In base 10, what is 806 + -6?
800
In base 5, what is 10 + 11420123?
11420133
In base 4, what is 0 + -32000212?
-32000212
In base 10, what is 746 - -261?
1007
In base 16, what is 27 + 66b9?
66e0
In base 12, what is -318649 - 4?
-318651
In base 13, what is 604 + -6b?
566
In base 9, what is 3537 - -721?
4358
In base 5, what is -20313 + -1402?
-22220
In base 13, what is 1 + -7949?
-7948
In base 9, what is -22 - 3784?
-3816
In base 16, what is -385b8 - 2?
-385ba
In base 7, what is 644623 - -4?
644630
In base 8, what is -10310 - -1421?
-6667
In base 4, what is 3031 - 100?
2331
In base 3, what is -101022 - -12101?
-11221
In base 16, what is 0 + 9fa34?
9fa34
In base 6, what is -4 + -154204?
-154212
In base 16, what is -254 - e?
-262
In base 5, what is -3210 + 10020?
1310
In base 15, what is 48 + ad?
106
In base 14, what is 0 - 89d46?
-89d46
In base 6, what is -13411252 - 3?
-13411255
In base 3, what is -120122 - -21?
-120101
In base 6, what is 42 - 301411?
-301325
In base 10, what is 21 - 4?
17
In base 4, what is 1031301 + 21?
1031322
In base 7, what is 104 - 130241?
-130134
In base 14, what is 3 + -8c33?
-8c30
In base 15, what is 26 + -72d?
-707
In base 8, what is -43 - 1704?
-1747
In base 6, what is -14 - 253422?
-253440
In base 5, what is 20330044 + 40?
20330134
In base 7, what is -313 - -51402?
51056
In base 8, what is 2 + 17035?
17037
In base 2, what is 1001011111 - -11110100?
1101010011
In base 10, what is 7 - -20702?
20709
In base 5, what is 23 + -2231?
-2203
In base 16, what is -10 - -18dc?
18cc
In base 10, what is -272803 - 4?
-272807
In base 10, what is -476342 + 3?
-476339
In base 10, what is -34567 + 35?
-34532
In base 13, what is -3467 - a?
-3474
In base 6, what is -1 - 221100?
-221101
In base 13, what is -3b833 + 2?
-3b831
In base 11, what is 1507 + 67?
1573
In base 8, what is 2 + 15365?
15367
In base 4, what is -1002321 - 0?
-1002321
In base 10, what is 5 - 739582?
-739577
In base 15, what is -21 - -20050?
2002e
In base 5, what is 4 - 32204033?
-32204024
In base 7, what is -15 + -1200310?
-1200325
In base 13, what is 2 - -2a17a?
2a17c
In base 16, what is 57d + -4?
579
In base 8, what is 1 + 666405?
666406
In base 10, what is 100 + 258?
358
In base 8, what is 51 + -6550?
-6477
In base 12, what is 1 - -9426?
9427
In base 3, what is -20111102 - -12102?
-20022000
In base 14, what is 40 + -36b?
-32b
In base 12, what is -8b - -7b8?
729
In base 16, what is 26429d - 1?
26429c
In base 6, what is -122 - -14145?
14023
In base 2, what is 1111000 + -1001101?
101011
In base 11, what is -20 + -5304?
-5324
In base 7, what is 6631 + 53?
10014
In base 7, what is 122 + -2003?
-1551
In base 3, what is 11 - -10002121102?
10002121120
In base 12, what is 8a + -2bb0?
-2b22
In base 5, what is 10 + -30332?
-30322
In base 4, what is -201033 - 3?
-201102
In base 8, what is -51 - 13250?
-13321
In base 7, what is 1423256 + 0?
1423256
In base 11, what is -55077 + -2?
-55079
In base 15, what is ca41 - 2?
ca3e
In base 16, what is 2 - -1286b?
1286d
In base 7, what is 14 - -2320?
2334
In base 12, what is 201a - -77?
2095
In base 14, what is -4 + -4215?
-4219
In base 7, what is -42 + -534004?
-534046
In base 6, what is 0 + 1314442?
1314442
In base 15, what is 70e + -b2?
64c
In base 6, what is 400333 - 23?
400310
In base 10, what is -290669 + -5?
-290674
In base 8, what is -32 + -13303?
-13335
In base 2, what is 100 - 10011011010010?
-10011011001110
In base 12, what is -11768 - -5?
-11763
In base 6, what is 2 + 24334?
24340
In base 7, what is 2502452 + -2?
2502450
In base 11, what is -27aa0 - 2?
-27aa2
In base 14, what is -2470c - -5?
-24707
In base 8, what is 11 - 12677?
-12666
In base 6, what is 1 + -50540?
-50535
In base 14, what is 291 + 1d?
2b0
In base 12, what is -2b0 - -115a?
a6a
In base 8, what is 3110435 - -1?
3110436
In base 2, what is -101 + -1101011111011101?